{"id":76,"date":"2023-03-28T09:36:37","date_gmt":"2023-03-28T09:36:37","guid":{"rendered":"https:\/\/catalog.caetraprogramme.institutofomentomurcia.es\/caetra\/"},"modified":"2024-01-29T17:14:47","modified_gmt":"2024-01-29T16:14:47","slug":"caetra","status":"publish","type":"page","link":"https:\/\/catalog.caetraprogramme.institutofomentomurcia.es\/es\/caetra\/","title":{"rendered":"Caetra"},"content":{"rendered":"\n<div  class=\"content mb-md\">\n\n\t\n\t\t\t<div class=\"container\">\n\t\t\t\n\t\t\n\t\t\t\n<div class=\"row gap-col-md gap-row-md\">\n\t\n\n<div class=\"col col-12 col-md-12 col-xl-6\">\n\t\n\t\n\t\n\t\n\n<h1 class=\" mb-xs wp-block-heading\">CAETRA<\/h1>\n\n\n\n<p class=\" mb-xs has-color size-medium\">\u00bfQu\u00e9 es CAETRA?<\/p>\n\n\n\n<p class=\"has-color\">La Regi\u00f3n de Murcia cuenta con un importante ecosistema de tecnolog\u00eda de doble uso, con un n\u00famero cada vez mayor de pymes innovadoras y start-ups que se desarrollan internamente utilizando tecnolog\u00eda de \u00faltima generaci\u00f3n, capaces de aportar su conocimiento y experiencia a los sectores nacionales y globales relacionados con la Defensa, Seguridad y reconstrucci\u00f3n posdesastre.<\/p>\n\n\n\t\t<\/div>\n\n\n<div class=\"col col-12 col-md-12 col-xl-6\">\n\t\n\t\n\t\n\t\n\t\t<\/div>\n<\/div>\n\t\t\t\n\t\t\n\t\t\t<\/div>\n\t<\/div>\n\n<div  class=\"content mb-md\">\n\n\t\n\t\t\t<div class=\"container\">\n\t\t\t\n\t\t\n\t\t\t\n<div class=\"row gap-col-md gap-row-md\">\n\t\n\n<div class=\"col col-12 col-md-12 col-xl-4 tecnologia\">\n\t\n\t\t\t<div class=\"tecnologia__top\">SOLUTIONS<\/div>\n\t\n\t\t\t<div class=\"tecnologia__data\">\n\t\n\t\n\n<h2 class=\" mb-xs wp-block-heading\">DEFENSA<\/h2>\n\n\n\n<p class=\"has-color\">Hist\u00f3ricamente, la Regi\u00f3n de Murcia siempre ha tenido una profunda apuesta por el sector de la defensa, contando con numerosas bases militares repartidas por su geograf\u00eda. Nuestras bases militares en San Javier, Alcantarilla y Cartagena ilustran el arraigo que tienen el sector de la defensa y las fuerzas armadas en la Regi\u00f3n de Murcia.<\/p>\n\n\n\t\t\t<\/div>\n\t\t<\/div>\n\n\n<div class=\"col col-12 col-md-12 col-xl-4 tecnologia\">\n\t\n\t\t\t<div class=\"tecnologia__top\">SOLUTIONS<\/div>\n\t\n\t\t\t<div class=\"tecnologia__data\">\n\t\n\t\n\n<h2 class=\" mb-xs wp-block-heading\">SEGURIDAD<\/h2>\n\n\n\n<p class=\"has-color\">Nuestro ecosistema de seguridad emergente le ofrece la oportunidad de encontrar soluciones innovadoras y socios para llegar m\u00e1s lejos en productos de seguridad. Adem\u00e1s, la Regi\u00f3n de Murcia es el mejor lugar para el establecimiento de industrias, startups, cient\u00edficos y otros expertos que se ocupan de las tecnolog\u00edas para la Seguridad.<\/p>\n\n\n\t\t\t<\/div>\n\t\t<\/div>\n\n\n<div class=\"col col-12 col-md-12 col-xl-4 tecnologia\">\n\t\n\t\t\t<div class=\"tecnologia__top\">SOLUTIONS<\/div>\n\t\n\t\t\t<div class=\"tecnologia__data\">\n\t\n\t\n\n<h2 class=\" mb-xs wp-block-heading\">RECONSTRUCCI\u00d3N Y DESARROLLO POSTERIOR AL DESASTRES<\/h2>\n\n\n\n<p class=\"has-color\">La Regi\u00f3n de Murcia conoce bien el impacto de un terremoto intenso o una inundaci\u00f3n como consecuencia de fuertes aguaceros y tormentas, y ha desarrollado una base tecnol\u00f3gica y de talento que puede ayudar a otros. Por eso estamos comprometidos con la reconstrucci\u00f3n despu\u00e9s de una cat\u00e1strofe natural o como resultado de un conflicto b\u00e9lico. Tambi\u00e9n somos capaces de proporcionar soluciones a pa\u00edses en desarrollo\/menos desarrollados.<\/p>\n\n\n\t\t\t<\/div>\n\t\t<\/div>\n<\/div>\n\t\t\t\n\t\t\n\t\t\t<\/div>\n\t<\/div>\n","protected":false},"excerpt":{"rendered":"","protected":false},"author":1,"featured_media":0,"parent":0,"menu_order":0,"comment_status":"closed","ping_status":"closed","template":"","meta":{"inline_featured_image":false,"footnotes":""},"acf":[],"_links":{"self":[{"href":"https:\/\/catalog.caetraprogramme.institutofomentomurcia.es\/es\/wp-json\/wp\/v2\/pages\/76"}],"collection":[{"href":"https:\/\/catalog.caetraprogramme.institutofomentomurcia.es\/es\/wp-json\/wp\/v2\/pages"}],"about":[{"href":"https:\/\/catalog.caetraprogramme.institutofomentomurcia.es\/es\/wp-json\/wp\/v2\/types\/page"}],"author":[{"embeddable":true,"href":"https:\/\/catalog.caetraprogramme.institutofomentomurcia.es\/es\/wp-json\/wp\/v2\/users\/1"}],"replies":[{"embeddable":true,"href":"https:\/\/catalog.caetraprogramme.institutofomentomurcia.es\/es\/wp-json\/wp\/v2\/comments?post=76"}],"version-history":[{"count":5,"href":"https:\/\/catalog.caetraprogramme.institutofomentomurcia.es\/es\/wp-json\/wp\/v2\/pages\/76\/revisions"}],"predecessor-version":[{"id":96,"href":"https:\/\/catalog.caetraprogramme.institutofomentomurcia.es\/es\/wp-json\/wp\/v2\/pages\/76\/revisions\/96"}],"wp:attachment":[{"href":"https:\/\/catalog.caetraprogramme.institutofomentomurcia.es\/es\/wp-json\/wp\/v2\/media?parent=76"}],"curies":[{"name":"wp","href":"https:\/\/api.w.org\/{rel}","templated":true}]}}

<div  class="content mb-md">

	
			<div class="container">
			
		
			
<div class="row gap-col-md gap-row-md">
	

<div class="col col-12 col-md-12 col-xl-6">
	
	
	
	

<h1 class=" mb-xs wp-block-heading">CAETRA</h1>



<p class=" mb-xs has-color size-medium">¿Qué es CAETRA?</p>



<p class="has-color">La Región de Murcia cuenta con un importante ecosistema de tecnología de doble uso, con un número cada vez mayor de pymes innovadoras y start-ups que se desarrollan internamente utilizando tecnología de última generación, capaces de aportar su conocimiento y experiencia a los sectores nacionales y globales relacionados con la Defensa, Seguridad y reconstrucción posdesastre.</p>


		</div>


<div class="col col-12 col-md-12 col-xl-6">
	
	
	
	
		</div>
</div>
			
		
			</div>
	</div>

<div  class="content mb-md">

	
			<div class="container">
			
		
			
<div class="row gap-col-md gap-row-md">
	

<div class="col col-12 col-md-12 col-xl-4 tecnologia">
	
			<div class="tecnologia__top">SOLUTIONS</div>
	
			<div class="tecnologia__data">
	
	

<h2 class=" mb-xs wp-block-heading">DEFENSA</h2>



<p class="has-color">Históricamente, la Región de Murcia siempre ha tenido una profunda apuesta por el sector de la defensa, contando con numerosas bases militares repartidas por su geografía. Nuestras bases militares en San Javier, Alcantarilla y Cartagena ilustran el arraigo que tienen el sector de la defensa y las fuerzas armadas en la Región de Murcia.</p>


			</div>
		</div>


<div class="col col-12 col-md-12 col-xl-4 tecnologia">
	
			<div class="tecnologia__top">SOLUTIONS</div>
	
			<div class="tecnologia__data">
	
	

<h2 class=" mb-xs wp-block-heading">SEGURIDAD</h2>



<p class="has-color">Nuestro ecosistema de seguridad emergente le ofrece la oportunidad de encontrar soluciones innovadoras y socios para llegar más lejos en productos de seguridad. Además, la Región de Murcia es el mejor lugar para el establecimiento de industrias, startups, científicos y otros expertos que se ocupan de las tecnologías para la Seguridad.</p>


			</div>
		</div>


<div class="col col-12 col-md-12 col-xl-4 tecnologia">
	
			<div class="tecnologia__top">SOLUTIONS</div>
	
			<div class="tecnologia__data">
	
	

<h2 class=" mb-xs wp-block-heading">RECONSTRUCCIÓN Y DESARROLLO POSTERIOR AL DESASTRES</h2>



<p class="has-color">La Región de Murcia conoce bien el impacto de un terremoto intenso o una inundación como consecuencia de fuertes aguaceros y tormentas, y ha desarrollado una base tecnológica y de talento que puede ayudar a otros. Por eso estamos comprometidos con la reconstrucción después de una catástrofe natural o como resultado de un conflicto bélico. También somos capaces de proporcionar soluciones a países en desarrollo/menos desarrollados.</p>


			</div>
		</div>
</div>
			
		
			</div>
	</div>
